0 = -4*n + 3*l + 24. Calculate the remainder when 26 is divided by n.
8
Let t = -173 - -268. Calculate the remainder when t is divided by 16.
15
Let q(j) = 34*j + 1. What is the remainder when 67 is divided by q(1)?
32
Suppose -4*i + 21 = -3*i. What is the remainder when 91 is divided by -6 - -8 - i*-1?
22
Let n = 0 + 13. Let x = n - 6. What is the remainder when 27 is divided by x?
6
Let u be (-6)/9 - 2/6. Suppose -2*o + 4*y - 96 = -7*o, 0 = 5*o - 2*y - 72. What is the remainder when 1 + u - 87/(-3) is divided by o?
13
Let h = 18 + 1. Calculate the remainder when 75 is divided by h.
18
Let w(r) = -r + 5. Let i be w(-4). Let y be ((-33)/i)/((-2)/6). Let n = y + 9. What is the remainder when n is divided by 7?
6
Suppose 3*h + h = 4, 3*t - 5*h - 331 = 0. Suppose -f + 88 = 3*j, 4*f - 206 - t = 5*j. What is the remainder when f is divided by 28?
26
Let h be (16 + -3)*(0 - 1). Let i = h - -22. Calculate the remainder when 1 - (24/(-1) + -1) is divided by i.
8
Calculate the remainder when ((-16)/20)/((-4)/190) is divided by 10.
8
Suppose -4*y + 365 = 5*z, -4 - 1 = y. What is the remainder when z is divided by 6?
5
Let w = -14 - -39. Let g = -18 - -31. What is the remainder when w is divided by g?
12
Let a(r) be the third derivative of 1/24*r**4 + 1/60*r**5 + 0 + 7/3*r**3 + 0*r - 4*r**2. Calculate the remainder when 25 is divided by a(0).
11
Let f(r) = 13*r - 22. Calculate the remainder when f(5) is divided by 23.
20
Suppose 0 = 5*y - m - 71, -4*y + 2*m - 3*m + 55 = 0. Let b = -55 - -110. What is the remainder when b is divided by y?
13
Let c = -145 - -100. Let k = -19 - c. Calculate the remainder when k is divided by 7.
5
Let v = -7 - -23. What is the remainder when v is divided by 6?
4
Calculate the remainder when 61 is divided by 4 - 1 - (-8 - 5).
13
Suppose -3*n - 41 = 4*r, -4*r = 4*n - r + 64. Let v = 35 + n. What is the remainder when 31 is divided by v?
15
What is the remainder when (8/12)/2*27 is divided by 4?
1
Suppose 5*v - 4*n = 257, 0 = -2*n - n + 6. Calculate the remainder when v is divided by 14.
11
Suppose 5*s = -5*c + 45, 3*s + 77 = 8*s - 3*c. Let n be (0 - -1 - -2)/1. Suppose 23 = n*m + 2. What is the remainder when s is divided by m?
6
Let z(p) = -33*p - 1 - 1 + 3. What is the remainder when z(-1) is divided by 12?
10
Let x(q) = q**3 - q**2 + q + 2. What is the remainder when x(2) is divided by 5?
3
Let c(z) = z**3 - 7*z**2 - 8*z + 6. Calculate the remainder when 23 is divided by c(8).
5
Suppose -19*w + 5*w + 224 = 0. What is the remainder when 3/12 - (-251)/4 is divided by w?
15
Let m = 187 + -62. Calculate the remainder when m is divided by 21.
20
Suppose 0 = 3*x - 9, 11*x - 6*x = 2*g + 29. Let d(u) = u**3 + 6*u**2 - 8*u + 7. What is the remainder when 27 is divided by d(g)?
13
Let n(h) = -h + 3. Let m(d) = 2*d**2 + d + 1. What is the remainder when n(0) is divided by m(-1)?
1
Suppose -3 = -m + 6. What is the remainder when 33 is divided by m?
6
Let p be -2 + (-3)/(-3*1). Let l = 3 - p. Suppose 4*y + 28 = 5*x - 21, 0 = x - l*y + 3. Calculate the remainder when 38 is divided by x.
12
Let c(d) be the second derivative of -d**5/10 + d**4/4 + d**3/3 + 3*d**2/2 - d. Let w be c(3). Let l = w + 50. What is the remainder when l is divided by 11?
10
Calculate the remainder when 42 is divided by 93/6 + (-3)/6.
12
Suppose 2*j - 4*o + 4 = 0, 4*j + o + 20 + 6 = 0. Let s = 11 - j. Calculate the remainder when s is divided by 10.
7
Let v(f) = -f**3 - 5*f**2 + 5*f - 1. Let a be v(-6). Let n = a + 37. What is the remainder when n is divided by 11?
9
Let s = 27 - -10. Suppose 2*k - 5*w - 19 = 0, -k + 2*k - s = -3*w. What is the remainder when 42 is divided by k?
20
Let l = -7 + -43. Let i be (-8)/(-12) + l/(-6). Suppose 4 + i = t. What is the remainder when 38 is divided by t?
12
Let b = 20 + -18. Calculate the remainder when b is divided by 2.
0
Let k = 3 - -58. Calculate the remainder when k is divided by (-5)/(-10) - 31/(-2).
13
Suppose -2*c - 28 = -3*c. Let d(j) = j**2 - j + 4. Calculate the remainder when c is divided by d(-2).
8
What is the remainder when 113 is divided by (-2)/((-4)/79) - 15/10?
37
What is the remainder when ((-4)/6)/((-2)/96) is divided by 11?
10
Suppose 3*d = -2*d. Suppose d*p = 5*p - 65. What is the remainder when 24 is divided by p?
11
What is the remainder when 3/2 - (5 + 194/(-4)) is divided by 6?
3
Let l(f) = -f**3 - 8*f**2 + 9*f + 5. Let h be l(-9). Let o = h - 2. Suppose 2*t - 23 + 1 = 0. What is the remainder when t is divided by o?
2
Let m = -44 + 109. Let f = m + -38. Let n(v) = 6*v + 2. Calculate the remainder when f is divided by n(2).
13
Let s = -9 + 17. Calculate the remainder when 30 is divided by s.
6
Suppose 0 = 4*j - 8, 2*j + 1 = -4*o + 5. Suppose 5*r = 25, o*f - 5*f = 5*r - 150. What is the remainder when f is divided by 14?
11
Let y be 1/(-3) - 775/15. Let o(a) = 16*a + 7. Let u be o(-5). Let g = y - u. Calculate the remainder when 41 is divided by g.
20
Suppose 0 = 5*r + 3*w - 25, -3*r + r + 5*w = -41. Suppose 2*l - 3*l + 5*n = -25, -63 = -2*l - 3*n. What is the remainder when l is divided by r?
6
Let d = 7 - 4. Suppose 2*f + 28 = 4*u, -f = -3*u - 0*f + 19. Let w = u + -1. Calculate the remainder when w is divided by d.
1
Suppose 4*u = -c + 39, 3*u + 4*c - 25 = -c. Suppose 4*w - 2*w - 8 = 0. What is the remainder when w*-7*(-3 - -2) is divided by u?
8
Let t = 76 - 73. Calculate the remainder when 3 is divided by t.
0
Let i(w) = w**2 + 4. What is the remainder when 117 is divided by i(-6)?
37
Suppose 26*d - 17*d - 171 = 0. Calculate the remainder when 37 is divided by d.
18
What is the remainder when -5*((-48)/15 - -1) is divided by 4?
3
Let c = -2 - -2. Suppose c*h = h + 22. What is the remainder when 41 is divided by (3 - (-14)/(-4))*h?
8
Suppose -d = -2*g - 9, d + 5*g = -19 + 35. Calculate the remainder when 39 is divided by d.
6
Let f = 14 - -4. Suppose l - f = -l. What is the remainder when 17 is divided by l?
8
Let i(y) = -24*y + 2. What is the remainder when i(-4) is divided by ((-22)/6)/(2/36*-2)?
32
Suppose 0*x = 2*x + 4. Let n be (x/(-6) + -1)*-6. What is the remainder when (-2)/n*2 - -12 is divided by 3?
2
Suppose -466 = -4*w - 146. Suppose -2*j + w = 2*j. Suppose s - j = k + 2*k, k = 4*s - 58. Calculate the remainder when s is divided by 5.
4
Suppose 4*q = -2*v + v + 165, v = -2*q + 85. Suppose -z + 4*z - 42 = 4*c, 4*z + 5*c = 56. Calculate the remainder when q is divided by z.
12
Let l = -24 - -44. What is the remainder when ((-35)/(-28))/(1/l) is divided by 14?
11
Let i(z) = -z**3 - 8*z**2 - 2*z + 17. Suppose -3*u - 3*k + 60 = u, 0 = 4*u - 2*k - 40. What is the remainder when i(-8) is divided by u?
9
Suppose 7*r - r = 54. Suppose 0 = x - 4*x + 105. Calculate the remainder when x is divided by r.
8
Suppose 2*r + r = 120. Calculate the remainder when 196 is divided by r.
36
Let w(d) = -d**2 + 3*d - 2. Let r be w(2). Suppose -5*k + 153 - 8 = r. What is the remainder when k is divided by (-18)/15*(-25)/3?
9
Let o be -12*((-8)/3 - -2). Let p(r) = r - 10. Let h be p(o). Calculate the remainder when 17 is divided by (27/6)/(h/(-4)).
8
Let x(f) = -f**2 + 11*f - 4. Let w = -13 + 22. Calculate the remainder when x(9) is divided by w.
5
Suppose -16 + 213 = s. Calculate the remainder when s is divided by 20.
17
Suppose -4*s = -0*s. Suppose -2*a - 51 = -q - 5*a, s = -2*a + 8. What is the remainder when q is divided by 21?
18
Suppose -2*g + 4*g - 36 = -4*f, 3*f + 4*g = 17. Let t = -11 - -6. What is the remainder when f is divided by (24/(-15))/(2/t)?
3
Suppose 0 = 2*o + o - 72. What is the remainder when 117 is divided by o?
21
Let q = 16 - 5. Let d(m) = -m**3 - 8*m**2 - 10*m - 1. What is the remainder when d(-7) is divided by q?
9
Let k(z) = z**3 + 8*z**2 - z - 5. Suppose 0 = -2*w + 12 - 2. Calculate the remainder when w is divided by k(-8).
2
Let r(t) = -t**3 - 12*t**2 + 10*t - 16. Calculate the remainder when 91 is divided by r(-13).
22
Let a(s) = s**2 - s + 13. Suppose -152 = -3*n + d - 6*d, 0 = -2*n - d + 99. Calculate the remainder when n is divided by a(0).
10
Suppose 12 = 3*g + 3. Suppose 16 = 5*r + 6. What is the remainder when g is divided by r?
1
Suppose c - 115 = -4*c. Calculate the remainder when c is divided by 13.
10
Let m = 5 + 0. Suppose -2*l + 4 = -m*w + 3*w, -3*w = l - 6. Let z =